on divisor of 1313 and z?
13
Let m(y) = 55*y**2 + 77*y - 363. Let h be m(6). What is the highest common factor of h and 77?
77
Let h = 45 - 41. Suppose -105 = -h*z + 3*p, 0 = -4*p - 9 + 29. Let l = z + -12. What is the highest common divisor of l and 45?
9
Suppose 20*n = 3*n + 2102 + 2284. Calculate the highest common divisor of n and 33024.
258
Let b be 15/(-10)*(2 - 4). Let q(m) = 19*m**2 + 4. Let u be q(3). Suppose u = 2*w - a, -2*w - 75 = -b*w + 3*a. What is the greatest common divisor of w and 60?
30
Let j = 191 - 187. Suppose 290 = 3*o + 4*g - 58, 3*o - 324 = j*g. What is the greatest common divisor of 80 and o?
16
Let s = -88 + 92. Suppose 4*o + 2*w - 2 = -0*o, s*o - 5*w = -5. Suppose -l - 6*l + 1862 = o. What is the greatest common divisor of 38 and l?
38
Let y = 124 + -56. Suppose -425 = -5*s - 6*o + 7*o, 5*o = -4*s + 340. What is the highest common divisor of s and y?
17
Suppose 12*f = 977 + 823. What is the greatest common factor of 435 and f?
15
Let d = 290 + -199. Suppose -93*w = -d*w - 48. Calculate the highest common divisor of w and 104.
8
Suppose 0 = -4*k - 4*b - 184, -4*k + 3*b = -0*k + 163. Let i = 58 + k. Let q = i - -78. What is the highest common divisor of q and 62?
31
Let h = -11 + 13. Let x be ((-960)/280)/((-18)/84). What is the greatest common factor of h and x?
2
Let c be 209496/105 + 4/(-16) + 3/60. Calculate the highest common factor of 63 and c.
21
Let u(x) = 11*x**2 + 23*x - 6. Let n(c) = -54*c**2 - 116*c + 23. Let z(b) = 2*n(b) + 11*u(b). Let y be z(-6). What is the greatest common divisor of y and 28?
14
Suppose 3668 = -151*x - 5694. Let p(q) = 47*q**2 + q - 2. Let m be p(2). Let r = m + x. Calculate the greatest common factor of r and 14.
14
Suppose 7*x - 16 = -9*x. Let j be -5*3*(-4 + x). What is the greatest common divisor of 5 and j?
5
Suppose -862 = -4*i + 258. Let z(y) = 13*y + 326. Let w be z(-17). Calculate the greatest common factor of w and i.
35
Suppose 25*a - 15672 = 6428. Calculate the highest common divisor of 408 and a.
68
Suppose 3*i = -z + 5*z + 8, 3*i = -2*z + 14. Let r(n) = -2*n + 12. Let v be r(i). Suppose -5*x = -v*x - 16. What is the highest common factor of 48 and x?
16
Let q be 8/3*3/2. Suppose 5*k - 2*k - 5*c + 4 = 0, -q*k - 3*c + 14 = 0. Suppose -14*m + 5*m = -9. What is the highest common divisor of k and m?
1
Let i = -12247 + 12870. Calculate the greatest common divisor of i and 91.
7
Let n(r) = 2*r**3 - 30*r**2 + 9*r + 81. Let w be n(16). What is the highest common divisor of w and 77?
11
Suppose -7*d = 2*k - 3*k - 2644, -3*d = -3*k - 1146. What is the highest common divisor of d and 39?
13
Suppose -98 = -4*j + 2*j. Let c be 1 + -98*j/(-14). What is the highest common divisor of c and 43?
43
Let w(b) be the first derivative of 4*b**3/3 - 3*b**2/2 + 10*b + 132. Let j be w(-3). What is the highest common factor of j and 11?
11
Suppose 39*h = 59*h - 5760. What is the highest common factor of 72 and h?
72
Let g be 4/(-2)*((-63648)/(-1105))/(6/(-20)). Calculate the highest common divisor of 11392 and g.
128
Let o = 50 - -1. Let b = o + -49. Suppose -b*y = -3*n - 0*n + 305, -5*n + 3*y + 507 = 0. Calculate the highest common factor of 11 and n.
11
Let a = 4359 + -3904. What is the greatest common divisor of 650 and a?
65
Suppose -n - d + 147 = 0, 102*n = 101*n - 5*d + 123. What is the greatest common factor of 531 and n?
9
Suppose 0 = -4*x + 3*r + 4707, 2*x - 29*r = -32*r + 2367. Calculate the greatest common factor of 3 and x.
3
Let s be -12*((-208)/24 + 5). Suppose 5*h + 3*z - 194 = 6*z, h = -2*z + s. Calculate the greatest common divisor of h and 25.
5
Suppose 5*g - 4*l = 48, 0 = 5*g - l - 4*l - 45. Let w be 2/4*-1*4. Let k be w + 2 - (0 + -60). Calculate the highest common factor of g and k.
12
Let z = -311 + 437. Let s = z + -120. Let t be 1/2 - 58/(-4). What is the highest common divisor of t and s?
3
Suppose 5*q + 146 + 141 = -4*u, -6 = -3*u. Let t = 99 + q. Suppose -46 = -3*g - 4*i, 5*g - i = -0*i + 46. Calculate the highest common divisor of t and g.
10
Let z be ((-442)/(-117))/(-34) - (-235)/9. What is the highest common divisor of z and 5057?
13
Let t = 3068 - 3000. Calculate the highest common factor of 578 and t.
34
Let j = 154 - 151. Suppose 10*i + 4*x + 16 = 14*i, 10 = j*i - 5*x. What is the highest common divisor of 595 and i?
5
Suppose 22 = t + 2*r - 1, 2*t - 44 = -3*r. Suppose -t = 3*p - 31. Let v = p + 2. Calculate the highest common factor of 42 and v.
6
Let u = -89 - -130. Suppose x = -5*y + 90, -u = -3*y - 5*x + 35. What is the highest common factor of 187 and y?
17
Suppose 43*y - 38*y - i - 318940 = 0, 63772 = y + 3*i. What is the highest common factor of y and 281?
281
Let w = -324 - -284. Let u = w + 72. Suppose 4*l + o - 34 = 0, 0 = -l + 3*l + 3*o - 22. Calculate the greatest common divisor of l and u.
8
Let g(k) = -k**3 - 6*k**2 - 14*k - 43. Let d be g(-5). Let c = 147 - 133. Calculate the highest common divisor of c and d.
2
Let r(w) = 251*w + 1. Let v be r(1). Let s = v + -90. What is the greatest common divisor of 54 and s?
54
Let i = 745 + -587. Calculate the highest common divisor of 9638 and i.
158
Let m = -1434 - -1926. What is the greatest common factor of 82 and m?
82
Let d be (-7)/((-3)/(-6)*2). Let f be (-2)/d - 612/(-14). Suppose 5*s + k = 333, 23*s - 1268 - 262 = -4*k. Calculate the highest common factor of f and s.
22
Suppose r - 4*w - 1850 = 0, -r + 1842 = -32*w + 30*w. What is the highest common divisor of 28 and r?
14
Let p = -13140 - -13336. What is the greatest common factor of p and 3276?
28
Let h be ((-32)/1)/((-18)/27). Let a = -62 - -26. Let v = a - -180. What is the greatest common divisor of h and v?
48
Let d = -213 - -359. Let f = d + -137. What is the highest common factor of f and 81?
9
Let b be 476*(-5 - -6 - (-15)/(-20)). Let k be (0 + -10)*2/(-5). Suppose -k*w + 52 = -16. What is the highest common factor of b and w?
17
Suppose -3*k + 316 = 56*z - 51*z, -2*k + 5*z = -219. What is the highest common divisor of k and 535?
107
Let b(t) = t**3 - 7*t**2 - 10*t - 105. Let c be b(23). Calculate the highest common divisor of 33 and c.
11
Let n(c) = -c**2 - 4*c + 3. Let r be n(-4). Suppose -7*t = r*t + 300. Let u = 33 + t. Calculate the greatest common divisor of u and 27.
3
Let y be 8 + 6/((-12)/2). Let q(z) = -6*z + 52. Let p be q(y). Let r(v) = 5*v**2 - 4*v + 5. Let i be r(5). What is the highest common divisor of p and i?
10
Let t = -473 - -154. Let g = t - -343. Calculate the highest common factor of 96 and g.
24
Let p be ((-36)/(-48))/((-1)/328). Let a = 66 - p. What is the highest common divisor of a and 24?
24
Let b(g) = 15*g - 41. Let k = 123 + -118. Let r be b(k). Calculate the greatest common divisor of 646 and r.
34
Let u be 4 + -1 - 4 - (-1 + -3). Let p be (-3)/((4/(-5 - u))/2). What is the greatest common factor of 156 and p?
12
Let r be (-4 + 3)/((-2 - -4)/(-214)). Suppose f = 4*k + 50, -36 = -5*k - 3*f - r. Let l = -10 - k. What is the greatest common factor of 27 and l?
3
Let i(q) = 12*q**2 - 2*q + 8. Let o be i(4). Let y(t) = -18*t + 60. Let f be y(3). Calculate the greatest common divisor of f and o.
6
Let y = 90 + -108. Let p be ((-3)/(-2))/(y/16)*-3. Suppose 2*o = 10, -5*o - 25 = -p*k - 2*o. What is the highest common factor of 70 and k?
10
Let v(s) = s**3 + 13*s**2 + 36*s - 15. Let w be -2 + -8 + -2 + 5 + 0. Let y be v(w). Calculate the highest common factor of 27 and y.
27
Let t be -45*5/(-25) + 99. What is the greatest common divisor of 3024 and t?
108
Suppose 5*x = 2 - 337. Let c = 70 + x. Suppose 4*w - 33 = c*w. What is the highest common divisor of 132 and w?
33
Let w = 157939 + -157936. Let k(n) = -n**2 - 8*n. Let q be k(-6). What is the greatest common divisor of q and w?
3
Suppose 3*a + 2*t - 1097 = 0, 2*t - 1823 = 112*a - 117*a. What is the highest common factor of a and 2409?
33
Suppose 34*w + 45*w - 104043 = 0. What is the greatest common divisor of 24 and w?
3
Suppose -4*g + 5*y + 5050 = 0, -4*y - 5501 + 453 = -4*g. Let c = g - 1175. Let s = -71 + 105. Calculate the greatest common divisor of c and s.
17
Let z(v) = 19*v + 986. Let m be z(-50). Let k(d) = -d**2 + 4*d + 5. Let i be k(4). Let a = m - i. Calculate the greatest common divisor of 31 and a.
31
Let k be 300 - -21*(-12)/252. Calculate the highe